{"id":1883,"date":"2023-09-07T10:52:26","date_gmt":"2023-09-07T08:52:26","guid":{"rendered":"http:\/\/mtbglucholazy.pl\/?page_id=1883"},"modified":"2023-09-07T14:04:17","modified_gmt":"2023-09-07T12:04:17","slug":"wyniki-2023","status":"publish","type":"page","link":"https:\/\/mtbglucholazy.pl\/?page_id=1883","title":{"rendered":"Wyniki 2023"},"content":{"rendered":"<div style='float:left;margin-right:7px;' class='like-fb'><\/div>\n<p>WYNIKI OG\u00d3LNE: <a href=\"http:\/\/mtbglucholazy.pl\/wp-content\/uploads\/2023\/09\/1153_wyniki_ogolne_indywidual_results.pdf\">POBIERZ WYNIKI OG\u00d3LNE<\/a><br>WYNIKI MISTRZOSTWA WOJEW\u00d3DZTWA OPOLSKIEGO: <a href=\"http:\/\/mtbglucholazy.pl\/wp-content\/uploads\/2023\/09\/1155_wyniki_mistrzostwa_opolszczyzny_r.pdf\">POBIERZ WYNIKI MISTRZOSTWA WOJEW\u00d3DZTWA OPOLSKIEGO<\/a><br>WYNIKI DRU\u017bYNOWE: <a href=\"http:\/\/mtbglucholazy.pl\/wp-content\/uploads\/2023\/09\/1156_wyniki_druzynowe_team_results.pdf\">POBIERZ WYNIKI DRU\u017bYNOWE<\/a><br>ANALIZA WY\u015aCIGU: <a href=\"http:\/\/mtbglucholazy.pl\/wp-content\/uploads\/2023\/09\/Analiza_wyscigow_race_analysys.pdf\">POBIERZ ANALIZA WY\u015aCIGU<\/a><br>KLASYFIKACJA PP PO 5 EDYCJI: <a href=\"http:\/\/mtbglucholazy.pl\/wp-content\/uploads\/2023\/09\/1157_klasyfikacja_generalna_pp_po_5_ed.pdf\">POBIERZ KLASYFIKACJA PP PO 5 EDYCJI<\/a><\/p>\n","protected":false},"excerpt":{"rendered":"<p>WYNIKI OG\u00d3LNE: POBIERZ WYNIKI OG\u00d3LNEWYNIKI MISTRZOSTWA WOJEW\u00d3DZTWA OPOLSKIEGO: POBIERZ WYNIKI MISTRZOSTWA WOJEW\u00d3DZTWA OPOLSKIEGOWYNIKI DRU\u017bYNOWE: POBIERZ WYNIKI DRU\u017bYNOWEANALIZA WY\u015aCIGU: POBIERZ ANALIZA [&hellip;]<\/p>\n","protected":false},"author":1,"featured_media":0,"parent":0,"menu_order":0,"comment_status":"closed","ping_status":"closed","template":"","meta":{"site-sidebar-layout":"default","site-content-layout":"","ast-site-content-layout":"default","site-content-style":"default","site-sidebar-style":"default","ast-global-header-display":"","ast-banner-title-visibility":"","ast-main-header-display":"","ast-hfb-above-header-display":"","ast-hfb-below-header-display":"","ast-hfb-mobile-header-display":"","site-post-title":"","ast-breadcrumbs-content":"","ast-featured-img":"","footer-sml-layout":"","theme-transparent-header-meta":"","adv-header-id-meta":"","stick-header-meta":"","header-above-stick-meta":"","header-main-stick-meta":"","header-below-stick-meta":"","astra-migrate-meta-layouts":"default","ast-page-background-enabled":"default","ast-page-background-meta":{"desktop":{"background-color":"var(--ast-global-color-5)","background-image":"","background-repeat":"repeat","background-position":"center center","background-size":"auto","background-attachment":"scroll","background-type":"","background-media":"","overlay-type":"","overlay-color":"","overlay-opacity":"","overlay-gradient":""},"tablet":{"background-color":"","background-image":"","background-repeat":"repeat","background-position":"center center","background-size":"auto","background-attachment":"scroll","background-type":"","background-media":"","overlay-type":"","overlay-color":"","overlay-opacity":"","overlay-gradient":""},"mobile":{"background-color":"","background-image":"","background-repeat":"repeat","background-position":"center center","background-size":"auto","background-attachment":"scroll","background-type":"","background-media":"","overlay-type":"","overlay-color":"","overlay-opacity":"","overlay-gradient":""}},"ast-content-background-meta":{"desktop":{"background-color":"var(--ast-global-color-4)","background-image":"","background-repeat":"repeat","background-position":"center center","background-size":"auto","background-attachment":"scroll","background-type":"","background-media":"","overlay-type":"","overlay-color":"","overlay-opacity":"","overlay-gradient":""},"tablet":{"background-color":"var(--ast-global-color-4)","background-image":"","background-repeat":"repeat","background-position":"center center","background-size":"auto","background-attachment":"scroll","background-type":"","background-media":"","overlay-type":"","overlay-color":"","overlay-opacity":"","overlay-gradient":""},"mobile":{"background-color":"var(--ast-global-color-4)","background-image":"","background-repeat":"repeat","background-position":"center center","background-size":"auto","background-attachment":"scroll","background-type":"","background-media":"","overlay-type":"","overlay-color":"","overlay-opacity":"","overlay-gradient":""}},"footnotes":""},"class_list":["post-1883","page","type-page","status-publish","hentry"],"jetpack_shortlink":"https:\/\/wp.me\/P4WQ0D-un","jetpack_sharing_enabled":true,"_links":{"self":[{"href":"https:\/\/mtbglucholazy.pl\/index.php?rest_route=\/wp\/v2\/pages\/1883","targetHints":{"allow":["GET"]}}],"collection":[{"href":"https:\/\/mtbglucholazy.pl\/index.php?rest_route=\/wp\/v2\/pages"}],"about":[{"href":"https:\/\/mtbglucholazy.pl\/index.php?rest_route=\/wp\/v2\/types\/page"}],"author":[{"embeddable":true,"href":"https:\/\/mtbglucholazy.pl\/index.php?rest_route=\/wp\/v2\/users\/1"}],"replies":[{"embeddable":true,"href":"https:\/\/mtbglucholazy.pl\/index.php?rest_route=%2Fwp%2Fv2%2Fcomments&post=1883"}],"version-history":[{"count":5,"href":"https:\/\/mtbglucholazy.pl\/index.php?rest_route=\/wp\/v2\/pages\/1883\/revisions"}],"predecessor-version":[{"id":1902,"href":"https:\/\/mtbglucholazy.pl\/index.php?rest_route=\/wp\/v2\/pages\/1883\/revisions\/1902"}],"wp:attachment":[{"href":"https:\/\/mtbglucholazy.pl\/index.php?rest_route=%2Fwp%2Fv2%2Fmedia&parent=1883"}],"curies":[{"name":"wp","href":"https:\/\/api.w.org\/{rel}","templated":true}]}}