{"id":1816,"date":"2023-07-17T11:08:02","date_gmt":"2023-07-17T09:08:02","guid":{"rendered":"http:\/\/mtbglucholazy.pl\/?page_id=1816"},"modified":"2025-05-28T11:41:51","modified_gmt":"2025-05-28T09:41:51","slug":"oplaty-startowe-xi-wyscig-cykloopawy-xc-mtb-uci-c3-2023","status":"publish","type":"page","link":"https:\/\/mtbglucholazy.pl\/?page_id=1816","title":{"rendered":"Op\u0142aty startowe &#8211; wy\u015bcig CykloOpawy XC &#8211; MTB UCI C2 &#8211; 2025"},"content":{"rendered":"<div style='float:left;margin-right:7px;' class='like-fb'><\/div>\n<p><strong>Op\u0142aty startowe\/ <\/strong><em>Race entry fees<\/em><\/p>\n\n\n\n<figure class=\"wp-block-table\"><table><tbody><tr><td><strong>Kategoria\/ <\/strong><em>Category<\/em><\/td><td><strong>Op\u0142ata startowa\/ <\/strong><em>Entry Fee<\/em><\/td><\/tr><tr><td><strong>\u017bak, \u017bakini, M\u0142odzik, M\u0142odziczka\/<\/strong><em>Men U-13 Women U-13 Men U-15<\/em><\/td><td>30 z\u0142\/ <em>PLN<\/em><\/td><\/tr><tr><td><strong>Junior m\u0142odszy, Juniorka M\u0142odsza\/<\/strong><em>Younger Junior (male and female)<\/em><\/td><td>40z\u0142\/ <em>PLN<\/em><\/td><\/tr><tr><td><strong>Junior, Juniorka\/ <\/strong><em>Junior (male and female)<\/em><\/td><td>50 z\u0142\/ <em>PLN<\/em><\/td><\/tr><tr><td><strong>Elita, U23\/ <\/strong><em>Elite U23<\/em><\/td><td>60 z\u0142\/ <em>PLN<\/em><\/td><\/tr><tr><td><strong>Masters\/<\/strong><em>Masters<\/em><\/td><td>70 z\u0142\/ <em>PLN<\/em><\/td><\/tr><tr><td><strong>Amator\/ <\/strong><em>Amateur<\/em><\/td><td>90 z\u0142\/ <em>PLN<\/em><\/td><\/tr><\/tbody><\/table><\/figure>\n\n\n\n<p><strong>Op\u0142aty startowej dokonujemy przez elektroniczny system zapis\u00f3w w momencie rejestracji.&nbsp; Faktura do odbioru w dniu zawod\u00f3w w biurze zawod\u00f3w.<\/strong><\/p>\n\n\n\n<p><em>Please make entry payment using electronic application system at the time of registration.<\/em><\/p>\n\n\n\n<p><em>After receiving an invoice, please make a payment to the association bank account<\/em><\/p>\n","protected":false},"excerpt":{"rendered":"<p>Op\u0142aty startowe\/ Race entry fees Kategoria\/ Category Op\u0142ata startowa\/ Entry Fee \u017bak, \u017bakini, M\u0142odzik, M\u0142odziczka\/Men U-13 Women U-13 Men U-15 [&hellip;]<\/p>\n","protected":false},"author":1,"featured_media":0,"parent":0,"menu_order":0,"comment_status":"closed","ping_status":"closed","template":"","meta":{"site-sidebar-layout":"default","site-content-layout":"","ast-site-content-layout":"default","site-content-style":"default","site-sidebar-style":"default","ast-global-header-display":"","ast-banner-title-visibility":"","ast-main-header-display":"","ast-hfb-above-header-display":"","ast-hfb-below-header-display":"","ast-hfb-mobile-header-display":"","site-post-title":"","ast-breadcrumbs-content":"","ast-featured-img":"","footer-sml-layout":"","theme-transparent-header-meta":"","adv-header-id-meta":"","stick-header-meta":"","header-above-stick-meta":"","header-main-stick-meta":"","header-below-stick-meta":"","astra-migrate-meta-layouts":"default","ast-page-background-enabled":"default","ast-page-background-meta":{"desktop":{"background-color":"var(--ast-global-color-5)","background-image":"","background-repeat":"repeat","background-position":"center center","background-size":"auto","background-attachment":"scroll","background-type":"","background-media":"","overlay-type":"","overlay-color":"","overlay-opacity":"","overlay-gradient":""},"tablet":{"background-color":"","background-image":"","background-repeat":"repeat","background-position":"center center","background-size":"auto","background-attachment":"scroll","background-type":"","background-media":"","overlay-type":"","overlay-color":"","overlay-opacity":"","overlay-gradient":""},"mobile":{"background-color":"","background-image":"","background-repeat":"repeat","background-position":"center center","background-size":"auto","background-attachment":"scroll","background-type":"","background-media":"","overlay-type":"","overlay-color":"","overlay-opacity":"","overlay-gradient":""}},"ast-content-background-meta":{"desktop":{"background-color":"var(--ast-global-color-4)","background-image":"","background-repeat":"repeat","background-position":"center center","background-size":"auto","background-attachment":"scroll","background-type":"","background-media":"","overlay-type":"","overlay-color":"","overlay-opacity":"","overlay-gradient":""},"tablet":{"background-color":"var(--ast-global-color-4)","background-image":"","background-repeat":"repeat","background-position":"center center","background-size":"auto","background-attachment":"scroll","background-type":"","background-media":"","overlay-type":"","overlay-color":"","overlay-opacity":"","overlay-gradient":""},"mobile":{"background-color":"var(--ast-global-color-4)","background-image":"","background-repeat":"repeat","background-position":"center center","background-size":"auto","background-attachment":"scroll","background-type":"","background-media":"","overlay-type":"","overlay-color":"","overlay-opacity":"","overlay-gradient":""}},"footnotes":""},"class_list":["post-1816","page","type-page","status-publish","hentry"],"jetpack_shortlink":"https:\/\/wp.me\/P4WQ0D-ti","jetpack_sharing_enabled":true,"_links":{"self":[{"href":"https:\/\/mtbglucholazy.pl\/index.php?rest_route=\/wp\/v2\/pages\/1816","targetHints":{"allow":["GET"]}}],"collection":[{"href":"https:\/\/mtbglucholazy.pl\/index.php?rest_route=\/wp\/v2\/pages"}],"about":[{"href":"https:\/\/mtbglucholazy.pl\/index.php?rest_route=\/wp\/v2\/types\/page"}],"author":[{"embeddable":true,"href":"https:\/\/mtbglucholazy.pl\/index.php?rest_route=\/wp\/v2\/users\/1"}],"replies":[{"embeddable":true,"href":"https:\/\/mtbglucholazy.pl\/index.php?rest_route=%2Fwp%2Fv2%2Fcomments&post=1816"}],"version-history":[{"count":5,"href":"https:\/\/mtbglucholazy.pl\/index.php?rest_route=\/wp\/v2\/pages\/1816\/revisions"}],"predecessor-version":[{"id":2264,"href":"https:\/\/mtbglucholazy.pl\/index.php?rest_route=\/wp\/v2\/pages\/1816\/revisions\/2264"}],"wp:attachment":[{"href":"https:\/\/mtbglucholazy.pl\/index.php?rest_route=%2Fwp%2Fv2%2Fmedia&parent=1816"}],"curies":[{"name":"wp","href":"https:\/\/api.w.org\/{rel}","templated":true}]}}