{"id":1495,"date":"2019-09-23T16:40:57","date_gmt":"2019-09-23T14:40:57","guid":{"rendered":"http:\/\/mtbglucholazy.pl\/?page_id=1495"},"modified":"2019-09-23T16:57:34","modified_gmt":"2019-09-23T14:57:34","slug":"kolarski-weekend-glucholazy-cykloopawy-xc-puchar-polski-xco-gold-hill-mtb-maraton-glucholazy-2019","status":"publish","type":"page","link":"https:\/\/mtbglucholazy.pl\/?page_id=1495","title":{"rendered":"Kolarski weekend G\u0142ucho\u0142azy CykloOpawy XC &#8211; Puchar Polski XCO Gold Hill MTB Maraton G\u0142ucho\u0142azy 2019"},"content":{"rendered":"<div style='float:left;margin-right:7px;' class='like-fb'><\/div><p><iframe src=\"https:\/\/www.youtube.com\/embed\/axWqbbUTIIM\" width=\"560\" height=\"315\" frameborder=\"0\" allowfullscreen=\"allowfullscreen\"><\/iframe><\/p>\n<div class=\"_2cuy _3dgx _2vxa\">W dniach 31sierpnia \u2013 1 wrze\u015bnia 2019r. w ramach kolarskiego weekendu G\u0142ucho\u0142azy 2019 odby\u0142 si\u0119 VIII og\u00f3lnopolski wy\u015bcig CykloOpawy XC \u2013 Puchar polski XCO oraz V edycja Gold Hill MTB Maratonu G\u0142ucho\u0142azy.<\/div>\n<div class=\"_2cuy _3dgx _2vxa\">Organizatorem zawod\u00f3w by\u0142 PTTK oddzia\u0142 G\u0142ucho\u0142azy &#8211; Klub Turystyki Kolarskiej Ktukol G\u0142ucho\u0142azy.<\/div>\n<div class=\"_2cuy _3dgx _2vxa\">Patronat nad imprez\u0105 obj\u0105\u0142 Marsza\u0142ek Wojew\u00f3dztwa Opolskiego Andrzej Bu\u0142a oraz Burmistrz G\u0142ucho\u0142az Edward Szupryczy\u0144ski.<\/div>\n<div class=\"_2cuy _3dgx _2vxa\">Uzyskali\u015bmy dofinansowanie z bud\u017cetu Gminy G\u0142ucho\u0142azy, Powiatu Nyskiego i Urz\u0119du Marsza\u0142kowskiego w Opolu.<\/div>\n<div class=\"_2cuy _3dgx _2vxa\"><\/div>\n<div class=\"_2cuy _3dgx _2vxa\">Kolejny rok z rz\u0119du zawody przyci\u0105gn\u0119\u0142y na start w Pucharze Polski rekordow\u0105 ilo\u015b\u0107 zawodnik\u00f3w.<\/div>\n<div class=\"_2cuy _3dgx _2vxa\">W zawodach wystartowa\u0142o: PP XCO 309, Maraton 236 zawodnik\u00f3w. Dodatkowo w Maratonie dla dzieci udzia\u0142 wzi\u0119\u0142o ok 60 os\u00f3b.\u00a0(dane na podstawie elektronicznych zapis\u00f3w)<\/div>\n<div class=\"_2cuy _3dgx _2vxa\"><\/div>\n<div class=\"_2cuy _3dgx _2vxa\">W imieniu Zarz\u0105d Klubu Turystyki Kolarskiej Ktukol G\u0142ucho\u0142azy, serdecznie dzi\u0119kuj\u0119 zawodnikom, s\u0119dziom, trenerom, kibicom i sympatykom kolarstwa, za wsp\u00f3lne stworzenie ciekawego widowiska sportowego.<\/div>\n<div class=\"_2cuy _3dgx _2vxa\"><\/div>\n<div class=\"_2cuy _3dgx _2vxa\">Panu Edwardowi Szupryczy\u0144skiemu \u2013 Burmistrzowi G\u0142ucho\u0142az oraz wszystkim instytucjom Gminy G\u0142ucho\u0142azy za daleko id\u0105c\u0105 pomoc i wsparcie przy organizacji zawod\u00f3w.<\/div>\n<div class=\"_2cuy _3dgx _2vxa\"><\/div>\n<div class=\"_2cuy _3dgx _2vxa\">Mieszka\u0144com szczeg\u00f3lnie Zdrojowej cz\u0119\u015bci G\u0142ucho\u0142az dzi\u0119kuj\u0119 za wyrozumia\u0142o\u015b\u0107 i przepraszam za utrudnienia jakie w zwi\u0105zku z organizacj\u0105 zawod\u00f3w ich dotkn\u0119\u0142y.<\/div>\n<div class=\"_2cuy _3dgx _2vxa\"><\/div>\n<div class=\"_2cuy _3dgx _2vxa\">Szczeg\u00f3lne podzi\u0119kowania kieruj\u0119 do os\u00f3b, bez kt\u00f3rych organizacja tych zawod\u00f3w nie by\u0142a by mo\u017cliwa. Wolontariuszom oraz cz\u0142onkom KTK Ktukol G\u0142ucho\u0142azy za wielogodzinn\u0105 prac\u0119 przed, w trakcie i po zawodach, a szczeg\u00f3lno\u015bci:<\/div>\n<div class=\"_2cuy _3dgx _2vxa\"><\/div>\n<div class=\"_2cuy _3dgx _2vxa\">Koledze Januszowi Ma\u0107kowskiemu, dzi\u0119ki kt\u00f3remu \u017caden z uczestnik\u00f3w zawod\u00f3w nie chodzi\u0142 g\u0142odny. By\u0142o to mo\u017cliwe dzi\u0119ki jego wielu godzinom pracy przed, w trakcie i po zawodach. Pan Janusz jest z nami na wszystkich edycjach ju\u017c od o\u015bmiu lat.<\/div>\n<div class=\"_2cuy _3dgx _2vxa\"><\/div>\n<div class=\"_2cuy _3dgx _2vxa\">Monice Bejma za ogromn\u0105 promocj\u0119 na Facebooku, przed, w trakcie i po zawodach. To mi\u0119dzy innymi dzi\u0119ki dziesi\u0105tkom Jej post\u00f3w mieli\u015bmy tak wysok\u0105 frekwencje i nie ma chyba w Polsce kolarza MTB kt\u00f3ry by nie s\u0142ysza\u0142 o zawodach w G\u0142ucho\u0142azach. Co wi\u0119cej, Jej praca wcale si\u0119 nie sko\u0144czy\u0142a. Nadal nas wspiera, promuje zawody i G\u0142ucho\u0142azy.<\/div>\n<div class=\"_2cuy _3dgx _2vxa\"><\/div>\n<div class=\"_2cuy _3dgx _2vxa\">Micha\u0142owi Rudnickiemu, kt\u00f3ry by\u0142 autorem i moderatorem strony internetowej zawod\u00f3w, autorem wi\u0119kszo\u015bci materia\u0142\u00f3w graficznych zwi\u0105zanych z zawodami.<\/div>\n<div class=\"_2cuy _3dgx _2vxa\"><\/div>\n<div class=\"_2cuy _3dgx _2vxa\">Na bufetach za prace dzi\u0119kuj\u0119 Dorocie Ma\u0107kowskiej, Magdzie Gruszka, Annie Rudnickiej oraz Uniwersytetowi Trzeciego Wieku z G\u0142ucho\u0142az . Ich mega smalczyk i giga humor sta\u0142 si\u0119 ju\u017c wizyt\u00f3wk\u0105 zawod\u00f3w w G\u0142ucho\u0142azach .<\/div>\n<div class=\"_2cuy _3dgx _2vxa\"><\/div>\n<div class=\"_2cuy _3dgx _2vxa\">W trakcie dwudniowych zawod\u00f3w za ogromnie du\u017co pracy w biurze zawod\u00f3w Antoninie Bejnar i Danucie Budyk. W ci\u0105gu 2 dni trafi\u0142o do nich ponad 500 zawodnik\u00f3w, a niekt\u00f3rzy nawet kilkukrotnie.<\/div>\n<div class=\"_2cuy _3dgx _2vxa\"><\/div>\n<div class=\"_2cuy _3dgx _2vxa\">Osobom kt\u00f3re w trakcie zawod\u00f3w odpowiada\u0142y za zabezpieczenie i bezpiecze\u0144stwo na trasie: Mateuszowi Wn\u0119k, Micha\u0142owi Rudnickiemu i Rados\u0142awowi Radosnemu. Przy sprz\u0105taniu i ta\u015bmowaniu trasy zawodnikom Klubu Turystyki Kolarskiej KTUKOL G\u0142ucho\u0142azy i G\u0142ucho\u0142askiego Ludowego Klubu Kolarskiego VICTORIA.<\/div>\n<div class=\"_2cuy _3dgx _2vxa\"><\/div>\n<div class=\"_2cuy _3dgx _2vxa\">Pa\u0144stwu Teresie i Jerzemu Chmiel za rekonstrukcj\u0119 wydobycia z\u0142ota i przeprowadzenie praktycznych warsztat\u00f3w dla widz\u00f3w i zawodnik\u00f3w w trakcie Pucharu Polski XCO. By\u0142a to rzadka mo\u017cliwo\u015b\u0107 praktycznego poznania techniki wydobycia tego kruszcu poparta certyfikatem uko\u0144czenia kursu.<\/div>\n<div class=\"_2cuy _3dgx _2vxa\"><\/div>\n<div class=\"_2cuy _3dgx _2vxa\">Joannie i Eligiuszowi J\u0119drysek za prowadzenie zapis\u00f3w i przeprowadzenie Maratonu dla dzieci. W zabawie rowerowej udzia\u0142 wzi\u0119\u0142o ponad 60 dzieci.<\/div>\n<div class=\"_2cuy _3dgx _2vxa\"><\/div>\n<div class=\"_2cuy _3dgx _2vxa\">Serdeczne podzi\u0119kowania pozosta\u0142ym osobom , kt\u00f3rych nie uda\u0142o mi si\u0119 wymieni\u0107.<\/div>\n<div class=\"_2cuy _3dgx _2vxa\"><\/div>\n<div class=\"_2cuy _3dgx _2vxa\"><strong>Serdecznie dzi\u0119kuj\u0119:<\/strong><\/div>\n<div class=\"_2cuy _3dgx _2vxa\"><\/div>\n<div class=\"_2cuy _3dgx _2vxa\">Sponsorowi G\u0142\u00f3wnemu \u015awiat Roweru G\u0142ucho\u0142azy , za ufundowanie nagrody g\u0142\u00f3wnej w maratonie Gold Hill MTB , roweru G\u00f3rskiego. Szczeg\u00f3lne podzi\u0119kowania kieruje do Andrzeja Nikandrowa.<\/div>\n<div class=\"_2cuy _3dgx _2vxa\">Jest z nami od pierwszych zawod\u00f3w. Prowadzi bezp\u0142atny serwis rower\u00f3w podczas zawod\u00f3w oraz wspiera nas rowerami elektrycznymi kt\u00f3re ogromnie u\u0142atwiaj\u0105 wyznaczanie, znakowanie i sprz\u0105tanie tras zawod\u00f3w. A to bagatela tylko 70 km.<\/div>\n<div class=\"_2cuy _3dgx _2vxa\"><\/div>\n<div class=\"_2cuy _3dgx _2vxa\">Koledze Danielowi Skowron, firma DUAN za koordynacj\u0119 i zaanga\u017cowanie przy organizacji miasteczka zawod\u00f3w i wsp\u00f3\u0142prac\u0119 z Firmami GS24, BWB.BIKE, CONCAP, INPEAK.<\/div>\n<div class=\"_2cuy _3dgx _2vxa\">Obs\u0142udze medycznej \u201eCentrum Ratownictwa Specjalistycznego Ankar\u201d oraz kolegom z OFFROAD TEAM G\u0142ucho\u0142azy za zabezpieczanie na motocyklach Maratonu MTB. Ich profesjonalizm i zaanga\u017cowanie jest mega warto\u015bci\u0105 dodan\u0105 przez nich do zawod\u00f3w.<\/div>\n<div class=\"_2cuy _3dgx _2vxa\"><\/div>\n<div class=\"_2cuy _3dgx _2vxa\">Ochotniczej Stra\u017cy Po\u017carnej w Bodzanowie za sprawne zabezpieczenie.<\/div>\n<div class=\"_2cuy _3dgx _2vxa\"><\/div>\n<div class=\"_2cuy _3dgx _2vxa\">Pani Katarzynie Hanusiewicz menad\u017cerowi Hotelu Aspen za ufundowanie i organizacj\u0119 punktu \u017cywieniowego przy hotelu dla zawodnik\u00f3w maratonu.<\/div>\n<div class=\"_2cuy _3dgx _2vxa\"><\/div>\n<div class=\"_2cuy _3dgx _2vxa\">W\u0142a\u015bcicielowi Restauracji Mi\u00f3d Malina G\u0142ucho\u0142azy za ufundowanie nagr\u00f3d dla uczestnik\u00f3w zawod\u00f3w.<\/div>\n<div class=\"_2cuy _3dgx _2vxa\"><\/div>\n<div class=\"_2cuy _3dgx _2vxa\">W\u0142a\u015bcicielom Fratelli Sossi, za ufundowanie organizatorom oraz obs\u0142udze zawod\u00f3w pocz\u0119stunku.<\/div>\n<div class=\"_2cuy _3dgx _2vxa\"><\/div>\n<div class=\"_2cuy _3dgx _2vxa\">Pani Halinie Zieli\u0144skiej i Aleksandrowi Rajczyk za udost\u0119pnienie na potrzeby organizacji zawod\u00f3w infrastruktury Hotelu Sudety oraz za cierpliwo\u015b\u0107 i ogrom dodatkowej pracy, jak\u0105 nios\u0142y za sob\u0105 tej rangi zawody.<\/div>\n<div class=\"_2cuy _3dgx _2vxa\"><\/div>\n<div class=\"_2cuy _3dgx _2vxa\">Panu Marianowi Bryksy za mo\u017cliwo\u015b\u0107 zbudowania na prywatnej dzia\u0142ce kawa\u0142ka trasy wy\u015bcigu.<\/div>\n<div class=\"_2cuy _3dgx _2vxa\"><\/div>\n<div class=\"_2cuy _3dgx _2vxa\">Nadle\u015bnictwu Prudnik za udost\u0119pnienie lasu i mo\u017cliwo\u015b\u0107 wytyczenia tras maratonu na ich terenie.<\/div>\n<div class=\"_2cuy _3dgx _2vxa\"><\/div>\n<div class=\"_2cuy _3dgx _2vxa\">Dzi\u0119kuj\u0119 sponsorom :<\/div>\n<div class=\"_2cuy _3dgx _2vxa\"><\/div>\n<div class=\"_2cuy _3dgx _2vxa\">\u2022 Henry Kruse Polska Sp. z o.o.<\/div>\n<div class=\"_2cuy _3dgx _2vxa\">\u2022 PAUL HARTMANN Polska Sp. z o.o.<\/div>\n<div class=\"_2cuy _3dgx _2vxa\">\u2022 P.P.H.U. Merkury Sp. z o.o. \u2013 Market Mr\u00f3wka G\u0142ucho\u0142azy<\/div>\n<div class=\"_2cuy _3dgx _2vxa\">\u2022 Przedsi\u0119biorstwo Produkcji Handlu i Us\u0142ug ARENDA sp. z o.o. z\/s w Charbielinie<\/div>\n<div class=\"_2cuy _3dgx _2vxa\">\u2022Bricomarche G\u0142ucho\u0142azy<\/div>\n<div class=\"_2cuy _3dgx _2vxa\">\u2022 Intermarche G\u0142ucho\u0142azy<\/div>\n<div class=\"_2cuy _3dgx _2vxa\">\u2022 \u201eWodoci\u0105gi\u201d Sp. z o.o. G\u0142ucho\u0142azy<\/div>\n<div class=\"_2cuy _3dgx _2vxa\">\u2022 Malta\u0144ska S\u0142u\u017cba Medyczna odzia\u0142 w Nysie<\/div>\n<div class=\"_2cuy _3dgx _2vxa\">\u2022\u00a0Stowarzyszenie Przyjaci\u00f3\u0142 M\u0142odzie\u017cy i Dzieci Miasta G\u0142ucho\u0142azy<br \/>\n\u2022 Piekarni Rogal<\/div>\n<div class=\"_2cuy _3dgx _2vxa\">\u2022 Sklep OSKAR -Lewiatan Joanna \u0141ukaszczyk<\/div>\n<div class=\"_2cuy _3dgx _2vxa\">\u2022Hurtownia Warzyw Owoc\u00f3w EKO TOM Prudnik<\/div>\n<div class=\"_2cuy _3dgx _2vxa\">\u2022 oraz szereg podmiot\u00f3w handlowych za darowizny i upusty w cenach.<\/div>\n<div class=\"_2cuy _3dgx _2vxa\"><\/div>\n<div class=\"_2cuy _3dgx _2vxa\">Do zobaczenia za rok. Mam nadziej\u0119, \u017ce nasz wsp\u00f3lny wysi\u0142ek sprawi, \u017ce ka\u017cda nast\u0119pna edycja b\u0119dzie lepsza od poprzednich.<\/div>\n<div class=\"_2cuy _3dgx _2vxa\"><\/div>\n<div class=\"_2cuy _3dgx _2vxa\">Dyrektor zawod\u00f3w<\/div>\n<div class=\"_2cuy _3dgx _2vxa\">Tomek Rudnicki<\/div>\n","protected":false},"excerpt":{"rendered":"<p>W dniach 31sierpnia \u2013 1 wrze\u015bnia 2019r. w ramach kolarskiego weekendu G\u0142ucho\u0142azy 2019 odby\u0142 si\u0119 VIII og\u00f3lnopolski wy\u015bcig CykloOpawy XC [&hellip;]<\/p>\n","protected":false},"author":1,"featured_media":0,"parent":0,"menu_order":0,"comment_status":"closed","ping_status":"closed","template":"","meta":{"site-sidebar-layout":"default","site-content-layout":"","ast-site-content-layout":"default","site-content-style":"default","site-sidebar-style":"default","ast-global-header-display":"","ast-banner-title-visibility":"","ast-main-header-display":"","ast-hfb-above-header-display":"","ast-hfb-below-header-display":"","ast-hfb-mobile-header-display":"","site-post-title":"","ast-breadcrumbs-content":"","ast-featured-img":"","footer-sml-layout":"","theme-transparent-header-meta":"","adv-header-id-meta":"","stick-header-meta":"","header-above-stick-meta":"","header-main-stick-meta":"","header-below-stick-meta":"","astra-migrate-meta-layouts":"default","ast-page-background-enabled":"default","ast-page-background-meta":{"desktop":{"background-color":"var(--ast-global-color-5)","background-image":"","background-repeat":"repeat","background-position":"center center","background-size":"auto","background-attachment":"scroll","background-type":"","background-media":"","overlay-type":"","overlay-color":"","overlay-opacity":"","overlay-gradient":""},"tablet":{"background-color":"","background-image":"","background-repeat":"repeat","background-position":"center center","background-size":"auto","background-attachment":"scroll","background-type":"","background-media":"","overlay-type":"","overlay-color":"","overlay-opacity":"","overlay-gradient":""},"mobile":{"background-color":"","background-image":"","background-repeat":"repeat","background-position":"center center","background-size":"auto","background-attachment":"scroll","background-type":"","background-media":"","overlay-type":"","overlay-color":"","overlay-opacity":"","overlay-gradient":""}},"ast-content-background-meta":{"desktop":{"background-color":"var(--ast-global-color-4)","background-image":"","background-repeat":"repeat","background-position":"center center","background-size":"auto","background-attachment":"scroll","background-type":"","background-media":"","overlay-type":"","overlay-color":"","overlay-opacity":"","overlay-gradient":""},"tablet":{"background-color":"var(--ast-global-color-4)","background-image":"","background-repeat":"repeat","background-position":"center center","background-size":"auto","background-attachment":"scroll","background-type":"","background-media":"","overlay-type":"","overlay-color":"","overlay-opacity":"","overlay-gradient":""},"mobile":{"background-color":"var(--ast-global-color-4)","background-image":"","background-repeat":"repeat","background-position":"center center","background-size":"auto","background-attachment":"scroll","background-type":"","background-media":"","overlay-type":"","overlay-color":"","overlay-opacity":"","overlay-gradient":""}},"footnotes":""},"class_list":["post-1495","page","type-page","status-publish","hentry"],"jetpack_shortlink":"https:\/\/wp.me\/P4WQ0D-o7","jetpack_sharing_enabled":true,"_links":{"self":[{"href":"https:\/\/mtbglucholazy.pl\/index.php?rest_route=\/wp\/v2\/pages\/1495","targetHints":{"allow":["GET"]}}],"collection":[{"href":"https:\/\/mtbglucholazy.pl\/index.php?rest_route=\/wp\/v2\/pages"}],"about":[{"href":"https:\/\/mtbglucholazy.pl\/index.php?rest_route=\/wp\/v2\/types\/page"}],"author":[{"embeddable":true,"href":"https:\/\/mtbglucholazy.pl\/index.php?rest_route=\/wp\/v2\/users\/1"}],"replies":[{"embeddable":true,"href":"https:\/\/mtbglucholazy.pl\/index.php?rest_route=%2Fwp%2Fv2%2Fcomments&post=1495"}],"version-history":[{"count":4,"href":"https:\/\/mtbglucholazy.pl\/index.php?rest_route=\/wp\/v2\/pages\/1495\/revisions"}],"predecessor-version":[{"id":1500,"href":"https:\/\/mtbglucholazy.pl\/index.php?rest_route=\/wp\/v2\/pages\/1495\/revisions\/1500"}],"wp:attachment":[{"href":"https:\/\/mtbglucholazy.pl\/index.php?rest_route=%2Fwp%2Fv2%2Fmedia&parent=1495"}],"curies":[{"name":"wp","href":"https:\/\/api.w.org\/{rel}","templated":true}]}}