{"id":1356,"date":"2019-03-31T06:11:14","date_gmt":"2019-03-31T04:11:14","guid":{"rendered":"http:\/\/mtbglucholazy.pl\/?page_id=1356"},"modified":"2025-05-28T10:57:45","modified_gmt":"2025-05-28T08:57:45","slug":"sektory-startowe","status":"publish","type":"page","link":"https:\/\/mtbglucholazy.pl\/?page_id=1356","title":{"rendered":"Sektory startowe"},"content":{"rendered":"<div style='float:left;margin-right:7px;' class='like-fb'><\/div><p>Podczas Gold Hill MTB Maraton G\u0142ucho\u0142azy 2025 obowi\u0105zuj\u0105 sektory startowe. Start poszczeg\u00f3lnych sektor\u00f3w w odst\u0119pie 5 min. Sektor 0 i I start wsp\u00f3lny.<\/p>\n<p>SEKTOR I \u2013 Dystans GIGA\u00a0<\/p>\n<p>SEKTOR II\u2013 Dystans MEGA<\/p>\n<p>SEKTOR III\u2013 Dystans CLASSIC<\/p>\n<p>SEKTOR IV\u2013 Dystans MEGA ( rower elektryczny<strong>, <\/strong>gravel, fatbike )<\/p>\n<p>SEKTOR V \u2013 Dystans FUN<\/p>\n<p><strong>Organizator dopuszcza start na:<\/strong><\/p>\n<p>&#8211; rowerze elektrycznym\u00a0 &#8211; oddzielna konkurencja<\/p>\n<p>&#8211; rowerze gravelowym &#8211;\u00a0 oddzielna konkurencja<\/p>\n<p>&#8211; rowerze fatbike\u00a0 &#8211;\u00a0 oddzieln\u0105 konkurencj\u0119.<\/p>\n<p><strong>Dystans MEGA 46 km. Sektor startowy IV. Klasyfikacja tylko Open bez podzia\u0142u na p\u0142e\u0107, wiek i rodzaj roweru. Dekoracja do 3 miejsca. Op\u0142aty i \u015bwiadczenia jak pozostali zawodnicy.<\/strong><\/p>\n<p><strong>WARUNEK: Udzia\u0142 min. 4 startuj\u0105cych w konkurencji.<\/strong><\/p>\n\n\n<p><\/p>\n","protected":false},"excerpt":{"rendered":"<p>Podczas Gold Hill MTB Maraton G\u0142ucho\u0142azy 2025 obowi\u0105zuj\u0105 sektory startowe. Start poszczeg\u00f3lnych sektor\u00f3w w odst\u0119pie 5 min. Sektor 0 i [&hellip;]<\/p>\n","protected":false},"author":1,"featured_media":0,"parent":0,"menu_order":0,"comment_status":"closed","ping_status":"closed","template":"","meta":{"site-sidebar-layout":"default","site-content-layout":"","ast-site-content-layout":"default","site-content-style":"default","site-sidebar-style":"default","ast-global-header-display":"","ast-banner-title-visibility":"","ast-main-header-display":"","ast-hfb-above-header-display":"","ast-hfb-below-header-display":"","ast-hfb-mobile-header-display":"","site-post-title":"","ast-breadcrumbs-content":"","ast-featured-img":"","footer-sml-layout":"","theme-transparent-header-meta":"","adv-header-id-meta":"","stick-header-meta":"","header-above-stick-meta":"","header-main-stick-meta":"","header-below-stick-meta":"","astra-migrate-meta-layouts":"default","ast-page-background-enabled":"default","ast-page-background-meta":{"desktop":{"background-color":"var(--ast-global-color-5)","background-image":"","background-repeat":"repeat","background-position":"center center","background-size":"auto","background-attachment":"scroll","background-type":"","background-media":"","overlay-type":"","overlay-color":"","overlay-opacity":"","overlay-gradient":""},"tablet":{"background-color":"","background-image":"","background-repeat":"repeat","background-position":"center center","background-size":"auto","background-attachment":"scroll","background-type":"","background-media":"","overlay-type":"","overlay-color":"","overlay-opacity":"","overlay-gradient":""},"mobile":{"background-color":"","background-image":"","background-repeat":"repeat","background-position":"center center","background-size":"auto","background-attachment":"scroll","background-type":"","background-media":"","overlay-type":"","overlay-color":"","overlay-opacity":"","overlay-gradient":""}},"ast-content-background-meta":{"desktop":{"background-color":"var(--ast-global-color-4)","background-image":"","background-repeat":"repeat","background-position":"center center","background-size":"auto","background-attachment":"scroll","background-type":"","background-media":"","overlay-type":"","overlay-color":"","overlay-opacity":"","overlay-gradient":""},"tablet":{"background-color":"var(--ast-global-color-4)","background-image":"","background-repeat":"repeat","background-position":"center center","background-size":"auto","background-attachment":"scroll","background-type":"","background-media":"","overlay-type":"","overlay-color":"","overlay-opacity":"","overlay-gradient":""},"mobile":{"background-color":"var(--ast-global-color-4)","background-image":"","background-repeat":"repeat","background-position":"center center","background-size":"auto","background-attachment":"scroll","background-type":"","background-media":"","overlay-type":"","overlay-color":"","overlay-opacity":"","overlay-gradient":""}},"footnotes":""},"class_list":["post-1356","page","type-page","status-publish","hentry"],"jetpack_shortlink":"https:\/\/wp.me\/P4WQ0D-lS","jetpack_sharing_enabled":true,"_links":{"self":[{"href":"https:\/\/mtbglucholazy.pl\/index.php?rest_route=\/wp\/v2\/pages\/1356","targetHints":{"allow":["GET"]}}],"collection":[{"href":"https:\/\/mtbglucholazy.pl\/index.php?rest_route=\/wp\/v2\/pages"}],"about":[{"href":"https:\/\/mtbglucholazy.pl\/index.php?rest_route=\/wp\/v2\/types\/page"}],"author":[{"embeddable":true,"href":"https:\/\/mtbglucholazy.pl\/index.php?rest_route=\/wp\/v2\/users\/1"}],"replies":[{"embeddable":true,"href":"https:\/\/mtbglucholazy.pl\/index.php?rest_route=%2Fwp%2Fv2%2Fcomments&post=1356"}],"version-history":[{"count":7,"href":"https:\/\/mtbglucholazy.pl\/index.php?rest_route=\/wp\/v2\/pages\/1356\/revisions"}],"predecessor-version":[{"id":2251,"href":"https:\/\/mtbglucholazy.pl\/index.php?rest_route=\/wp\/v2\/pages\/1356\/revisions\/2251"}],"wp:attachment":[{"href":"https:\/\/mtbglucholazy.pl\/index.php?rest_route=%2Fwp%2Fv2%2Fmedia&parent=1356"}],"curies":[{"name":"wp","href":"https:\/\/api.w.org\/{rel}","templated":true}]}}